d 10741230?
2070
Calculate the highest common divisor of 62 and 2163992882.
62
Calculate the greatest common divisor of 1635 and 875379.
327
Calculate the highest common divisor of 18228 and 8168531.
217
Calculate the greatest common factor of 560 and 17587200.
80
Calculate the highest common divisor of 4293639 and 272.
17
What is the highest common factor of 18158496 and 192?
96
What is the greatest common divisor of 1878 and 4665891?
939
What is the greatest common divisor of 1640 and 953455?
205
What is the highest common divisor of 2582780 and 20?
20
What is the greatest common factor of 105 and 19332663?
21
What is the highest common factor of 197778680 and 4675?
935
Calculate the highest common divisor of 360 and 8314470.
90
Calculate the highest common factor of 457436 and 4154.
62
Calculate the highest common factor of 44743025 and 50.
25
Calculate the greatest common divisor of 387 and 12780036.
9
Calculate the greatest common factor of 20953184 and 644.
644
What is the greatest common divisor of 32061359 and 473?
473
What is the highest common divisor of 2508610 and 20976?
46
What is the highest common factor of 21153430 and 40?
10
What is the greatest common divisor of 14778764 and 1430?
286
Calculate the highest common divisor of 3 and 5243610.
3
What is the highest common divisor of 118606 and 45446?
62
Calculate the greatest common divisor of 60 and 19597980.
60
What is the greatest common factor of 5365105 and 20305?
655
What is the highest common divisor of 21663933 and 2907?
969
Calculate the greatest common factor of 1786144 and 128.
32
What is the highest common factor of 265309 and 12419?
11
What is the highest common factor of 333916 and 24436?
4
Calculate the greatest common factor of 3273 and 3453.
3
Calculate the highest common factor of 52 and 116008720.
4
What is the greatest common factor of 37762596 and 1062?
1062
Calculate the greatest common divisor of 3408 and 29253207.
213
Calculate the greatest common factor of 2542520 and 453560.
680
What is the highest common factor of 379 and 31550992?
379
What is the greatest common divisor of 161109520 and 5280?
880
Calculate the highest common divisor of 1081654052 and 188.
188
What is the greatest common factor of 256507 and 6696409?
1433
What is the greatest common divisor of 28454666 and 76?
38
What is the highest common factor of 13605 and 2676?
3
Calculate the greatest common factor of 3784 and 9803011.
43
Calculate the greatest common factor of 121716 and 2702868.
1932
Calculate the highest common divisor of 37 and 3044611119.
37
What is the greatest common factor of 67856162 and 154?
22
What is the highest common divisor of 5648 and 1936896?
16
What is the highest common factor of 2717 and 581625473?
2717
Calculate the greatest common divisor of 2938320 and 7364280.
9240
Calculate the highest common divisor of 5311614 and 294.
42
Calculate the greatest common divisor of 1136 and 426501544.
568
Calculate the greatest common divisor of 55720134 and 36.
18
What is the greatest common divisor of 31021877 and 86?
43
What is the highest common divisor of 32287853 and 4108?
1027
What is the greatest common factor of 20488 and 180056227?
2561
Calculate the greatest common divisor of 3036698 and 73346.
434
Calculate the greatest common divisor of 1078924 and 59212.
452
Calculate the highest common divisor of 4335499 and 3299177.
6559
Calculate the greatest common divisor of 131720777 and 51.
17
Calculate the greatest common factor of 30975 and 571725.
525
Calculate the greatest common factor of 80 and 219881240.
40
What is the greatest common divisor of 384760 and 11240?
40
What is the greatest common divisor of 7184 and 160300633?
449
What is the greatest common factor of 821988996 and 23?
23
Calculate the greatest common divisor of 1028214200 and 260.
260
Calculate the greatest common divisor of 7464 and 407417464.
2488
What is the highest common divisor of 689 and 434876?
13
What is the greatest common factor of 10946085 and 188805?
4605
What is the highest common factor of 3275 and 265925?
25
What is the greatest common divisor of 3795 and 1599305?
115
What is the greatest common divisor of 372892 and 39689?
923
What is the greatest common factor of 102720 and 1168980?
60
What is the highest common divisor of 9552031 and 19610?
1961
What is the greatest common factor of 9516 and 47829612?
732
What is the highest common factor of 70 and 10376660?
70
What is the greatest common divisor of 208470 and 28380?
30
Calculate the greatest common factor of 2512 and 22084562.
314
Calculate the highest common divisor of 73476 and 10584.
36
Calculate the greatest common divisor of 15968577 and 741922.
8627
What is the highest common factor of 34 and 48496138?
34
What is the highest common factor of 45270 and 23962417?
503
Calculate the greatest common factor of 572 and 416052.
52
What is the greatest common divisor of 82658742 and 30?
6
What is the highest common divisor of 30540 and 137394370?
5090
What is the greatest common divisor of 3120 and 86333?
13
What is the highest common divisor of 2280 and 18127995?
285
Calculate the greatest common divisor of 398 and 210659609.
199
Calculate the greatest common factor of 1793555 and 160.
5
What is the highest common divisor of 33041 and 1737261?
1739
Calculate the greatest common divisor of 75385232 and 1768.
104
Calculate the highest common factor of 243 and 4130799.
3
Calculate the greatest common factor of 67973 and 4294413.
673
Calculate the greatest common factor of 6 and 31151304.
6
Calculate the greatest common factor of 5715 and 22933152.
1143
Calculate the highest common divisor of 10692 and 88429.
11
What is the highest common factor of 7456 and 369646112?
7456
Calculate the highest common divisor of 279 and 540657.
9
What is the highest common divisor of 281999 and 33872?
73
Calculate the greatest common divisor of 687342 and 12804.
582
Calculate the greatest common divisor of 19752 and 66576585.
2469
What is the greatest common divisor of 224 and 1569351?
7
What is the greatest common factor of 2693850694 and 1249?
1249
What is the highest common factor of 20352 and 63937504?
1696
Calculate the greatest common divisor of 22525735 and 101840.
6365
What is the greatest common divisor of 1842001 and 3703?
161
Calculate the greatest common factor of 36206432 and 288.
32
What is the greatest common divisor of 42824 and 485608?
808
What is the greatest common divisor of 725 and 215499?
29
What is the highest common factor of 44 and 141141836?
44
What is the greatest common divisor of 34834998 and 66?
66
Calculate the greatest common factor of 1304976 and 28836.
12
Calculate the greatest common factor of 4147 and 201379828.
377
Calculate the highest common divisor of 3830894 and 1898.
146
What is the greatest common divisor of 1450224 and 20688?
48
Calculate the greatest common divisor of 121976302 and 83.
83
Calculate the greatest common divisor of 2429 and 2532012.
7
What is the greatest common factor of 3247 and 15770135?
17
What is the greatest common divisor of 1649618 and 3838?
38
Calculate the highest common factor of 27 and 900337.
1
Calculate the highest common factor of 6254 and 8108311.
3127
Calculate the highest common divisor of 12 and 328501818.
6
Calculate the highest common factor of 4032 and 241938.
18
What is the greatest common factor of 7924842 and 126?
18
What is the highest common factor of 153 and 16569628?
17
What is the greatest common factor of 113 and 30015173?
113
Calculate the greatest common factor of 322 and 3586229.
23
Calculate the greatest common divisor of 9616156 and 220.
44
What is the highest common factor of 180 and 7091910?
90
What is the highest common factor of 5338 and 326706?
34
What is the greatest common divisor of 260 and 47487284?
52
Calculate the greatest common divisor of 732 and 65245173.
183
Calculate the highest common divisor of 1207440 and 91.
13
What is the highest common factor of 83966629 and 667?
667
Calculate the highest common factor of 1224 and 54600.
24
What is the greatest common factor of 58040064 and 64?
64
What is the greatest common factor of 87246688 and 1312?
1312
Calculate the highest common divisor of 116 and 1325967.
29
What is the greatest common factor